 2*g = -3*i + 206, 4*g + 2*i = -0*i + 404. What is the units digit of g?
0
Let i = -3 + 4. What is the units digit of (-22)/(-2) - i - 0?
0
What is the units digit of 261/(-6)*8/(-12)?
9
Let b = -2 - -87. What is the units digit of b?
5
What is the tens digit of (-526)/(-10) - 6/(-15)?
5
Let q = 50 + -33. Let n = q - 12. Suppose 0 = n*p + 6 - 51. What is the units digit of p?
9
Let w(j) = 3*j**3 - 7*j**2 - 5*j**3 + 3*j**3 + 7 - 3*j**2 - 7*j. What is the units digit of w(11)?
1
Let w(n) = -3*n**2 + 7*n - 3. Let h be w(6). Let u = h + 107. What is the units digit of u?
8
Let y = 8 - 2. Let j be -1 + (-6)/(y/(-2)). Suppose -9 = -i - j. What is the units digit of i?
8
Suppose 5*t = 6 + 9. Suppose 3*z + 5 = 4*z + m, t*z = 4*m + 15. What is the units digit of z?
5
Suppose -3*d + 0 - 9 = 0. Let m(z) = z**3 + 7*z**2 + 3*z - 4. Let h be m(-6). Let j = d + h. What is the units digit of j?
1
Let n = -3 + 3. Let x = n + -1. What is the units digit of (x - 1) + -3 + 10?
5
Let d be 1*(57/3 - 1). Suppose 3*c - c = d. What is the units digit of c?
9
Suppose 5*z + 4*s = 11, z = 3*z + 4*s - 2. Let a be z*1/(-6)*-4. Suppose -a*j + 7 - 3 = 0. What is the units digit of j?
2
Suppose 0 = -3*p - 4*y + 25 - 10, p - 3*y + 8 = 0. Let o be (1/3)/(p/(-51)). Let t = o + 26. What is the units digit of t?
9
Let n(i) = i**2 + 2*i - 7. Let x be n(-3). What is the tens digit of (-115)/(-3) + x/12?
3
Suppose 5*z = -5*l + 20, 0*l = 2*l - 4*z - 26. What is the units digit of l?
7
Let b = 58 - 9. What is the tens digit of b?
4
Let o be 4/16*-10*-12. Let a = o - 16. What is the units digit of a?
4
Let g = -34 - -147. What is the tens digit of g?
1
Let c be -1 + -1 - (-6 + -2). Suppose -5 + 35 = -5*y - 5*k, -5*y + k = c. What is the units digit of (20/(-8))/(1/y)?
5
Let s(f) = f**3 + 4*f**2 - 7*f - 8. Let d be s(-5). Suppose -3*q = q. Suppose d*n - 10 = -q. What is the units digit of n?
5
Suppose -3*v - 98 = -4*v + j, -12 = -3*j. Suppose -v = -5*t - 0*t - 4*x, -3*t - 3*x + 63 = 0. What is the tens digit of t?
1
Let f(b) = -8*b - 31. What is the units digit of f(-7)?
5
Suppose 0 = -2*p + 55 + 5. Suppose 3*w = -4*q - 30, q - 7*w + 3*w = -17. Let c = q + p. What is the units digit of c?
1
Suppose 4*f - 3*z - 57 = 0, -3*f + 0*f = -z - 39. Suppose 0*m + f = 2*m. What is the units digit of m?
6
Suppose -j + 6 + 2 = 4*m, -2*m = 5*j - 22. Let h = 9 + j. What is the units digit of h?
3
What is the tens digit of 1 - 704/(-6) - (-8)/(-6)?
1
What is the tens digit of (298/4*2)/(-4 - -5)?
4
Suppose -g - 3*k + 15 = 0, -2*g - 2*k + 3*k = -30. What is the units digit of g?
5
Let j = 8 + -6. What is the units digit of 14 - j - (-6 + 3)?
5
Let j be 2/(-7) + (-150)/(-35). Suppose 3*v + 41 = 4*v - j*a, a - 100 = -5*v. What is the tens digit of v?
2
Let l = 13 + 22. Suppose 0*g - l = -5*g. What is the units digit of g?
7
Let c = 15 + -11. Suppose b + 7 = m, -c*m + 0*b + 2*b + 24 = 0. Suppose q + q - 1 = w, 5*q + m = 4*w. What is the units digit of w?
5
Let k(h) = -10*h + 7. Let w(g) = 49*g - 35. Let z(d) = -14*k(d) - 3*w(d). What is the tens digit of z(-5)?
4
Let z be -3 + (-9)/6*-2. What is the tens digit of (0 - (0 - z)) + 11?
1
Suppose -3*r + 6*q - q = -164, 3*r = 3*q + 162. What is the units digit of r?
3
Suppose -6*j + 416 = -j + 4*g, 5*g = 4*j - 341. What is the units digit of j?
4
Suppose 5*r = 3 + 27. Suppose 74 = 4*f + r. What is the units digit of f?
7
Suppose -4*d + 216 + 53 = -5*c, -4*c = -2*d + 142. Let l = -19 + d. What is the units digit of l?
2
Let l(j) = j**2 + 5*j + 7. What is the units digit of l(-3)?
1
Let j(c) = c + 6. Let d(i) = -i - 3. Let x be d(-5). Suppose 3 = -s - x. What is the units digit of j(s)?
1
Let n(t) = -7 - t + 2 + 4*t. Let y be n(4). Let u = 13 - y. What is the units digit of u?
6
Suppose -6 = -3*u, -i + 15 - 5 = 5*u. Suppose 8*r - 4*r - 4*m + 8 = 0, i = 2*m - 10. What is the units digit of 12*r*(-3)/(-27)?
4
Let l be (-28)/(-21) + (-4)/(-6). Let d(c) = -c**3 + 5*c**2 - c + 1. What is the tens digit of d(l)?
1
Let x be 2/(-2) - 1*9. Let k be (-24)/x + (-2)/5. What is the units digit of -1*(-14)/(0 + k)?
7
Suppose -6*v = -3*v - 297. What is the units digit of v?
9
Suppose 142 = 7*o - 446. What is the units digit of o?
4
Let q = 14 + 7. What is the units digit of q?
1
Let i(b) = 2*b**2 + 4*b + 3. Let x be i(-3). Let g = x - 4. Let u = g - -2. What is the units digit of u?
7
Let q = -2 + 3. Let v = q + -1. Let o = 1 + v. What is the units digit of o?
1
Suppose 2*u + 5*a - 1 = 2, -u + 12 = -a. Let f be (-21)/u + (-1)/(-3). Let q = f - -5. What is the units digit of q?
3
Let c(m) = 2*m**2 + 4*m - 10. Let d(b) = -b**2 - 2*b + 5. Let h(y) = 4*c(y) + 7*d(y). What is the units digit of h(-6)?
9
Let g(r) = -2*r - 1. Let p be g(-2). Suppose -p*i = -0*i - 42. What is the tens digit of i?
1
Let z(j) be the second derivative of -j**5/24 + j**3/2 + 3*j. Let b(c) be the second derivative of z(c). What is the units digit of b(-1)?
5
Suppose -2*y = 5*b + 33, -5*y - b - 48 = -0*y. Let c = 23 + y. What is the tens digit of c?
1
Suppose 116 = 2*u + 2*u. What is the tens digit of u?
2
Suppose 3*b + 3*t + 5 = 4*b, 3*b - t = 7. What is the units digit of b?
2
Suppose 3 + 8 = v. What is the tens digit of v?
1
Let d = -7 + 13. Suppose 3*s + j = 15, -s = -3*j + d - 1. What is the units digit of s?
4
Suppose -2 + 4 = t. Let v be t/(-4)*(24 + -4). Let c = -2 - v. What is the units digit of c?
8
Let g = 1 + -4. Let t = g - -5. Suppose 30 = 5*p - b + t*b, p - 6 = -3*b. What is the units digit of p?
6
Suppose 0 = f - 1 - 7. Suppose 2*x - 8 = 3*d, -f*x + 2*d = -3*x - 31. Suppose -3*v + 14 = -x. What is the units digit of v?
7
Suppose -125 = -4*w - 4*p - 49, 2*p = -4. What is the tens digit of w?
2
Let v(l) = 0*l**2 - 3*l**2 + l**3 - 2 + 5 - 2*l. Let f be v(3). What is the units digit of (1*-2*f)/1?
6
What is the tens digit of (-626)/(-18) + (-48)/(-216)?
3
Let z be -3*4/(-2)*1. What is the tens digit of z/15 + 106/10?
1
Suppose b - 3*b = 0. Suppose g - 17 = -b*g. What is the units digit of g?
7
Suppose 5*m = m + 12. Suppose 0*z = -m*z. Suppose -3*q + z + 21 = 4*w, 0 = -w + 4*q + 29. What is the units digit of w?
9
Let v(c) = -c**3 + c**2 + 3*c + 1. What is the units digit of v(-2)?
7
Suppose -3 + 18 = 5*p, 4*f + 4*p = 20. Suppose -4*c = -4*x + 16, -4*c + 56 = 2*x + f*x. What is the units digit of x?
9
What is the tens digit of 2/(-8) - 948/(-16)?
5
Let v be 8/4*(-76)/8. Let q = -6 - v. What is the tens digit of q?
1
Suppose -k + 212 = 3*k. What is the tens digit of k/5 - 2/(-5)?
1
Let n(d) = -5 - 3*d - 4 + 3. Suppose 0 = b + 5 - 1. What is the units digit of n(b)?
6
Let n = 77 + -50. Let r = n + -10. What is the tens digit of r?
1
What is the units digit of (3 + 57)*(-12)/(-9)?
0
Let h(c) = -c. Let f = 12 + -8. Let v = f - 8. What is the units digit of h(v)?
4
Let f(l) = -l**2 - 4*l + 7. Let k be f(-5). Let a be 0/4 - (-5 + k). Suppose -6 = -x + a. What is the units digit of x?
9
Let t = -383 - -549. What is the tens digit of t?
6
Let z = 13 + -11. What is the tens digit of z*(38/4 + -3)?
1
Suppose -2*n + 2*t - 2 = -0, 3*n + 3*t = 21. Suppose 2*s - 8 = 0, -32 + 4 = -n*i - 4*s. What is the units digit of i?
4
Let f(t) = t**3 + 8*t**2 + 6*t + 10. Let v be f(-7). What is the units digit of v + (0/(-1) - 3)?
4
Let d = 47 - -9. What is the tens digit of d?
5
Suppose 0 = -4*z + 3*z + 3*l - 1, -9 = z - 5*l. What is the units digit of z?
1
Suppose -4*q = -2*v + 26, -5*v + 10 + 1 = -q. Let b = -18 - -8. What is the tens digit of (-68)/q*(-15)/b?
1
Let g = 14 + 9. Let j = -14 + g. What is the units digit of j?
9
Suppose 4*g = q + 49, -3*q - 73 + 22 = -4*g. What is the tens digit of g?
1
Suppose -8*r = 5*c - 4*r + 5, 3*r = 3*c - 24. Suppose 0 + c = j. What is the units digit of j?
3
Let z = 19 - 30. Let v(t) = -t**2 - 13*t - 12. What is the tens digit of v(z)?
1
Let v(c) = -2*c**3 - 5*c**2 - 5*c - 2. Suppose -5*x - 16 = l, -3*x + 5*l + 11 = -5*x. What is the tens digit of v(x)?
2
What is the tens digit of -3 + 5 + 22 + 3?
2
Let a(c) = -2*c**3 - 2*c**2 + 2*c + 1. Let u be a(-2). Suppose -u*g + y + 30 = 0, 0*g - 4*g + 40 = -4*y. Suppose -g = -4*s + 3*s. What is the units digit of s?
5
Suppose 2*f = 0, -y - 2*f = 2*f - 179. What is the units digit of y?
9
Let v(w) = w**2 + 6*w - 10. Let f be (4/6)/((-5)/60)